{"id":21710,"date":"2015-04-26T00:07:49","date_gmt":"2015-04-26T00:07:49","guid":{"rendered":"http:\/\/hoettges.com\/new\/?page_id=21710"},"modified":"2015-05-29T11:44:45","modified_gmt":"2015-05-29T11:44:45","slug":"unfall-2","status":"publish","type":"page","link":"https:\/\/hoettges.com\/new\/unfall-2\/","title":{"rendered":"Unfall"},"content":{"rendered":"<p>[vc_row row_type=&#8221;row&#8221; use_row_as_full_screen_section=&#8221;no&#8221; type=&#8221;full_width&#8221; in_content_menu=&#8221;&#8221; icon_pack=&#8221;font_awesome&#8221; content_menu_fe_icon=&#8221;arrow_back&#8221; text_align=&#8221;left&#8221; pattern_background=&#8221;&#8221; padding_bottom=&#8221;20&#8243;][vc_column width=&#8221;1\/1&#8243;][vc_column_text]<\/p>\n<h3><span style=\"color: #008000;\">Unfall<\/span><\/h3>\n<p>&nbsp;<\/p>\n<p>Rund zwei Millionen Verkehrsunf\u00e4lle registriert das Statistische Bundesamt pro Jahr, darunter jede Menge Blechsch\u00e4den. Nun ist es das gute Recht eines jeden Unfallgesch\u00e4digten, einen Kfz-Sachverst\u00e4ndigen seines Vertrauens mit der Bewertung des Schadens zu beauftragen. K\u00f6nnen doch Qualit\u00e4t und Sorgfalt bei der Untersuchung einen Unterschied von mehreren Tausend Euro ausmachen. Die \u201ePr\u00fcfstelle f\u00fcr Kfz-Sch\u00e4den\u201c von Dipl.-Ing. Sven H\u00f6ttges ist mit allem ausgestattet, was speziell zur Unfallschadenermittlung ben\u00f6tigt wird. Sie arbeitet mit modernen Analyseger\u00e4ten, den neuesten technischen Hilfsmitteln und der gr\u00f6\u00dften Sorgfalt, um ihren Kunden vollst\u00e4ndige Bewertungsergebnisse zu liefern.<\/p>\n<p><strong>\u00a0<\/strong><\/p>\n<ul>\n<li>Hat Ihr Fahrzeug tats\u00e4chlich nur einen Bagatellschaden?<\/li>\n<li>W\u00fcnschen Sie sich eine mit dem Schadenersatzrecht konforme Beurteilung Ihres Unfallfahrzeugs?<\/li>\n<li>Lohnt es sich f\u00fcr Sie den entstandenen Schaden zu reparieren?<\/li>\n<li>Wie hoch ist eine eventuelle Wertminderung, die auch an Ihrem \u00e4lteren Fahrzeug entstanden sein kann?<\/li>\n<li>Wissen Sie, dass Sie einen Kfz-Gutachter selbst ausw\u00e4hlen d\u00fcrfen?<\/li>\n<li>Wer bezahlt den Gutachter Ihres Vertrauens?<\/li>\n<li>Wie kommt der individuelle Wiederbeschaffungs- bzw. Restwert Ihres Fahrzeugs zustande?<\/li>\n<li>Was bedeutet fiktive Abrechnung in Ihrem konkreten Fall?<\/li>\n<li>K\u00f6nnen Sie f\u00fcr den Nutzungsausfall Ihres Fahrzeugs entsch\u00e4digt werden?<\/li>\n<\/ul>\n<p>[\/vc_column_text][vc_empty_space height=&#8221;32px&#8221;][vc_gallery type=&#8221;image_grid&#8221; interval=&#8221;3&#8243; images=&#8221;21741,21742,21743,21744,21745,21746,21747,21748,21749,21750,21751,21752,21753,21754,21755,21756,21758,21759,21760,21761,21762,21764,21765,21766,21767,21768,21769,22187,22239,22240,22242,22243,22244,22246,22247,22248,22250,22251,22254,22256,22260,22262,22264,22265,22267,22269,22292,22293,22295&#8243; onclick=&#8221;link_image&#8221; custom_links_target=&#8221;_self&#8221; column_number=&#8221;3&#8243; grayscale=&#8221;no&#8221; choose_frame=&#8221;default&#8221; img_size=&#8221;300&#215;200&#8243;][\/vc_column][\/vc_row][vc_row][vc_column width=&#8221;1\/1&#8243;][vc_empty_space height=&#8221;32px&#8221;][\/vc_column][\/vc_row]<\/p>\n","protected":false},"excerpt":{"rendered":"<p>[vc_row row_type=&#8221;row&#8221; use_row_as_full_screen_section=&#8221;no&#8221; type=&#8221;full_width&#8221; in_content_menu=&#8221;&#8221; icon_pack=&#8221;font_awesome&#8221; content_menu_fe_icon=&#8221;arrow_back&#8221; text_align=&#8221;left&#8221; pattern_background=&#8221;&#8221; padding_bottom=&#8221;20&#8243;][vc_column width=&#8221;1\/1&#8243;][vc_column_text] Unfall &nbsp; Rund zwei Millionen Verkehrsunf\u00e4lle registriert das Statistische Bundesamt pro Jahr, darunter jede Menge Blechsch\u00e4den. Nun ist es das gute Recht eines jeden Unfallgesch\u00e4digten, einen Kfz-Sachverst\u00e4ndigen seines Vertrauens mit der Bewertung des Schadens&#8230;<\/p>\n","protected":false},"author":2,"featured_media":0,"parent":0,"menu_order":0,"comment_status":"open","ping_status":"open","template":"","meta":[],"_links":{"self":[{"href":"https:\/\/hoettges.com\/new\/wp-json\/wp\/v2\/pages\/21710"}],"collection":[{"href":"https:\/\/hoettges.com\/new\/wp-json\/wp\/v2\/pages"}],"about":[{"href":"https:\/\/hoettges.com\/new\/wp-json\/wp\/v2\/types\/page"}],"author":[{"embeddable":true,"href":"https:\/\/hoettges.com\/new\/wp-json\/wp\/v2\/users\/2"}],"replies":[{"embeddable":true,"href":"https:\/\/hoettges.com\/new\/wp-json\/wp\/v2\/comments?post=21710"}],"version-history":[{"count":26,"href":"https:\/\/hoettges.com\/new\/wp-json\/wp\/v2\/pages\/21710\/revisions"}],"predecessor-version":[{"id":22296,"href":"https:\/\/hoettges.com\/new\/wp-json\/wp\/v2\/pages\/21710\/revisions\/22296"}],"wp:attachment":[{"href":"https:\/\/hoettges.com\/new\/wp-json\/wp\/v2\/media?parent=21710"}],"curies":[{"name":"wp","href":"https:\/\/api.w.org\/{rel}","templated":true}]}}